 14. Suppose 0 = -5*z + 20, 5*w + 2*z - 61 = v. Let i = w - -21. What is the tens digit of i?
3
What is the hundreds digit of 3133/3 + 12/72*-2?
0
Let g(f) = 5*f**2 - 73*f - 47. What is the tens digit of g(-15)?
7
Let n(l) = l**2 - 4*l**2 + 11*l - 4 + 2*l**2 - 4*l. Let o be n(6). Suppose -o*t = t - 129. What is the tens digit of t?
4
What is the tens digit of (-6)/(-27) + 6044/18?
3
Suppose 5*m - 4457 = 3*n, m + 10*n - 14*n - 888 = 0. What is the units digit of m?
2
Let m = -1090 + 2028. What is the units digit of m?
8
Let g be 0 - (2 + -2 + -4). Suppose g*p + 3*m - 24 = p, 0 = 3*p + m - 16. What is the tens digit of 19 + -2 - (p + -1)?
1
Suppose -u + 2*u - 3 = -2*x, 5*x = -3*u + 13. Suppose -u*n = -13*n + 8. What is the units digit of (96 - n)*1/2?
6
Let i(r) = -135*r**3 - 2*r**2 + 4*r + 4. What is the thousands digit of i(-2)?
1
Let z be ((-1056)/28)/(-8) - (-4)/14. Suppose z*f - 859 = -3*i, 6*i = 2*f + i - 356. What is the hundreds digit of f?
1
Let y(m) = 0*m - 8 + 15 - 4*m - 5. What is the tens digit of y(-6)?
2
Suppose -4*h - 785 = -i, 6*h = 4*h. What is the units digit of i?
5
Suppose 5*n = 10*n + 190. What is the tens digit of (57 - -1)*(-57)/n?
8
Let s(a) = a + 9. Suppose -4*t + 28 + 12 = 0. What is the units digit of s(t)?
9
Suppose 5*w + 2*w - 147 = 0. Let t(j) = 5*j + 11. What is the units digit of t(w)?
6
Let y be (-4)/10 - (-798)/70. Suppose -3*x = 5*s + y, -x - x - 8 = 3*s. Let h(d) = d**2 + 2*d - 11. What is the units digit of h(x)?
4
Suppose 0 = k - 52 - 335. What is the tens digit of k?
8
Suppose -z + 1009 = 5*r, -2*z - 4014 = -6*z + 2*r. What is the thousands digit of z?
1
Let r(z) = z**2 + 4*z - 3. Let h be r(-5). Let a(s) be the first derivative of 7*s**3/3 - s**2 - s - 2. What is the units digit of a(h)?
3
Let b = 209 - 17. What is the units digit of b?
2
Let c = -3 + 10. Let f = 3 + -1. Suppose c = f*b - 5*i, -2*i = -3*b - 0*i + 38. What is the units digit of b?
6
Suppose 4*x + 51 = 7*x. Let i = 24 - x. Suppose 2*g + 50 = i*g. What is the units digit of g?
0
Let z(t) = t**3 - 3*t**2 + 6*t - 8. Let b be z(6). Let k = b - 14. What is the hundreds digit of k?
1
Let j be -3 - (-3 - 3*-3). Let w(k) = -k - 6. Let z be w(j). Suppose -z = -p - 0*p, r - 13 = 3*p. What is the tens digit of r?
2
Let n(l) = -3*l - 13. Let c be n(-6). Suppose 5*m - c = 0, 3*f + 3*m - 202 = 47. What is the tens digit of f?
8
Let g(n) = 7*n - 22. Let m(d) = -15*d + 43. Let y(p) = 5*g(p) + 2*m(p). Let b(c) = -11*c + 49. Let w(i) = -6*b(i) - 13*y(i). What is the units digit of w(0)?
8
Let z(u) = u**3 - 30*u**2 + 13*u + 92. What is the tens digit of z(30)?
8
Let d(p) = -2*p**3 - 4*p**2 - 4 - 2 + 4 - p. Let z be d(-4). Suppose 0*s = -2*s + z. What is the tens digit of s?
3
Let i = -696 + 703. What is the units digit of i?
7
Let f = -55 + 115. Let l = -33 + 22. Let y = f + l. What is the tens digit of y?
4
What is the tens digit of ((8*-977)/(-8))/1?
7
Suppose -2*o - 9 = -5*o. Suppose o*u - 3*j - 389 = 1, -138 = -u + 5*j. What is the tens digit of (6/4)/(6/u)?
3
Suppose 133*m = 135*m - 274. What is the tens digit of m?
3
Suppose -q - 4*k = -0*k - 110, -4*q + 495 = 5*k. Suppose 2 = -z + q. What is the tens digit of z?
2
Let n be (-28)/7 - 1*-4. Let k be n + (1 - 2 - 10). Let s = k - -48. What is the tens digit of s?
3
Let t(k) = -2*k + 7. Let z be t(6). Let j(p) = -17*p + 13. Let f(s) = 11*s - 9. Let r(b) = -8*f(b) - 5*j(b). What is the tens digit of r(z)?
2
Let l = 1334 + -928. What is the hundreds digit of l?
4
Let c be 20 + -1 - (15 - 15). Suppose l = -4 + c. What is the tens digit of l?
1
Suppose 3*f + 5*u = -7, -3*f + 6*f = 2*u + 28. Let q(o) = 2*o**3 - 9*o**2 + 19. What is the tens digit of q(f)?
2
Let a = 338 - 191. What is the units digit of a?
7
Let s(a) = a**2. Let j be s(-1). Suppose 2*w - 3 = j. Suppose -4*p + 72 = w*b, -b + 8 + 31 = -p. What is the tens digit of b?
3
Let k = -18 + 1. Let m = k + 20. Let f = m - -3. What is the units digit of f?
6
Suppose -28 - 31 = -l. Let c = -5 + 32. Let w = l - c. What is the tens digit of w?
3
Suppose g - 110 - 120 = 0. What is the hundreds digit of g?
2
Let t = -9 - -3. Let a be (-15)/t + 3/(-2). Suppose h - 13 + a = 0. What is the tens digit of h?
1
Let f(t) = 2*t - 10. Let z be f(8). Suppose -z*u + 17 = 5. Suppose 0 = u*m - 3*l - 92, -5*l + 80 + 12 = 2*m. What is the units digit of m?
6
Let f(t) = -5*t - 6. Let p be f(-2). Suppose 4*v + p*x - 143 = 377, -5*x - 112 = -v. What is the units digit of v?
7
Suppose 2*m + 68 = -10*k + 12*k, -k = 2*m - 31. Suppose 4*v = -2*i + 2*v + 48, -4*v = i - k. What is the units digit of i?
1
Let p = 559 - 809. Let q = -172 - p. What is the tens digit of q?
7
Let a(m) = 15*m + 3. Suppose 0 = -26*o + 23*o + 9. What is the units digit of a(o)?
8
Suppose 7*n + 1 - 85 = 0. Suppose -7*l - 255 = -n*l. What is the tens digit of l?
5
Suppose 10444 = -53*v + 36838. What is the tens digit of v?
9
Let x be 5/1 - (-1 + 3). Let u(o) = o**3 - 2*o + 3. Let q be u(x). Suppose 0*f = 3*f - q. What is the units digit of f?
8
Let y(j) = -665*j + 175. What is the hundreds digit of y(-3)?
1
Let w be (5 + (-69)/15)/((-2)/(-5)). What is the tens digit of (39/26)/(w/60*2)?
4
Suppose 5*y - 2*n + 5*n = 3470, -1388 = -2*y - n. What is the tens digit of y?
9
Suppose -17*f - 1904 = -19*f. Suppose 3*d - f + 202 = 0. What is the tens digit of d?
5
Suppose -s - 134*r + 759 = -136*r, -s - 5*r + 752 = 0. What is the tens digit of s?
5
Let r(f) be the third derivative of f**5/60 - 3*f**4/8 - 2*f**3/3 + f**2. Suppose 3*b = -3*h + 36, -5*b - 30 = -0*h - 4*h. What is the units digit of r(h)?
6
Suppose -2*h = 5*h - 994. Suppose h = l - 14. What is the hundreds digit of l?
1
Let y(b) = -2*b**3 - b**2 + 2. Let z be y(2). Let h be 192/z*(-3)/2. Suppose -4*m + 2*t + 52 = t, -3*m = 5*t - h. What is the units digit of m?
2
Let t = -1094 - -1971. What is the hundreds digit of t?
8
Let i = 10 - -111. What is the units digit of (-55)/33*(-2 - i)?
5
Let v(p) = 29*p**2 + 4*p - 5. What is the units digit of v(-4)?
3
Let a(s) be the first derivative of s**4/4 + 7*s**3/3 + s**2/2 - s + 2. What is the tens digit of a(-3)?
3
What is the hundreds digit of 833 + -3 - (-10)/(-2)?
8
Suppose 2*i + 0*i - 20 = -4*w, 0 = -2*i + 3*w - 8. What is the units digit of 7*i/(28/10)?
5
Let r(z) = -2*z**2 - 10*z + 12. Let l be r(-6). What is the tens digit of 13 - (l + 2 + -2)?
1
Suppose -25*g + 45 = -30*g. Let h be (7 - 0)/(-8 - g). Suppose 0 = -d + h + 12. What is the units digit of d?
9
Let s = 228 - -234. What is the tens digit of s?
6
What is the units digit of 9 + 230/(-26) - 1610/(-13)?
4
Suppose -5*y = -0*y. Let v = y - 1. Let w = 5 - v. What is the units digit of w?
6
Let t(b) = 459*b - 113. What is the tens digit of t(5)?
8
Let q = -820 - -1530. What is the tens digit of q?
1
Let r(l) = -l**3 + 6*l**2 + 4*l + 7. Let c be r(7). Let x = 40 + c. What is the tens digit of x?
2
Let q be ((-15)/2)/((-2)/20). Let r = -358 - -361. Suppose 3*a = 5*t + a - q, 5*a - 14 = -r*t. What is the units digit of t?
3
Let x = 733 - -89. What is the hundreds digit of x?
8
Suppose 5*u = -3405 - 960. What is the units digit of (4/(-2))/(-8) - u/12?
3
Let h = 417 + -381. What is the units digit of h?
6
Let x = -16 - 2. Let j = x - -56. What is the tens digit of j?
3
Suppose 5*i + 10 = 6*i. Suppose -i*r - 316 = -14*r. What is the units digit of r?
9
Suppose -125 = -5*w + 4*a - 38, -5*a + 10 = 0. Suppose -5*u = -3*g - 16, -3*u + 19 = -4*g - 6. Let v = w + g. What is the tens digit of v?
1
Let q = -76 + 28. Let u = q - -103. Suppose 2*s - s = u. What is the units digit of s?
5
Suppose 11*m - 559 - 3918 = 0. What is the units digit of m?
7
Suppose -14*w + 10*w = 5*d - 10134, -d - w + 2026 = 0. What is the units digit of d?
0
Suppose 3*c - 12 = -c. Suppose c*p = 177 - 6. What is the units digit of p?
7
Let z(i) = i**2 - 4*i + 2. Let k be z(-6). Let u = -48 + 31. Let y = u + k. What is the tens digit of y?
4
Let a = 21 - 7. What is the tens digit of ((-180)/a)/(11/(-77))?
9
What is the tens digit of ((26/4)/(-1))/(74/(-1628))?
4
Suppose -z = 2*l - 443, l + 883 = 5*l + 5*z. What is the units digit of l?
2
Suppose -r + 1706 = -4*t, t - 1090 = -3*r + 4015. What is the units digit of r?
2
Let t be (-4)/(-7)*301/2. Suppose 0 = -3*d - 5*r + 278, d + 2*r + r = t. What